et h = 3812 - 3506. Calculate the greatest common divisor of 72 and h.
18
Suppose -18761 = -354*g - 2123. What is the highest common factor of 40 and g?
1
Suppose -10*c = 2071 - 9611. Calculate the highest common divisor of c and 39.
13
Let b be 13/((-26)/(-320))*(-12)/(-8). Suppose 0 = 3*j - 2*j + 1, -4587 = -2*u - 3*j. Let z be u/75 + 3/(-5). Calculate the highest common factor of z and b.
30
Let a(h) = 5*h**3 - 34*h**2 + 22*h + 23. Let b be a(6). What is the greatest common divisor of 253 and b?
11
Let b = -206 + 378. Let o = b - 148. Suppose -2*t + l + 14 = 0, -3*t = -t + l - 18. What is the greatest common divisor of t and o?
8
Let v(t) = -22*t**2 + 243*t - 128. Let s be v(8). Calculate the highest common divisor of s and 5814.
102
Let x be (-2 - 2) + 6*(2 - -2). Suppose -5*o + 3*t + 701 = x, 0 = 2*o + 4*t - 262. What is the greatest common factor of 180 and o?
45
Let s be 4 - (1 - (4 - 6)). Let p be -4*12/(-16) + s. Suppose -13 = p*g - 29. Calculate the greatest common divisor of g and 4.
4
Suppose 222*x - 378512 + 54067 = 413705. Calculate the highest common factor of 25 and x.
25
Suppose -5*t + 4*r + 2574 = 0, -r + 1558 = 3*t - 0*t. Suppose 4*q + q + 5*s = 1280, -2*q - 4*s + t = 0. Calculate the greatest common factor of q and 23.
23
Suppose 26*t - 5460 = 5*t. Calculate the highest common divisor of 117 and t.
13
Let o(y) = 2*y + 24. Let t be o(-11). Suppose -6*h + 376 + t = 0. Let w = h + -32. Calculate the highest common factor of w and 279.
31
Suppose -9*t + 338 = 131. Let o = 232 + t. What is the highest common divisor of 15 and o?
15
Let a = 286 - 217. Suppose 4*t - a = 15. Calculate the highest common factor of t and 56.
7
Suppose 20 = 4*n, 0 = f - 5*n + 4 + 16. Suppose -57 + 45 = -v + 2*l, 4*v = -5*l + 74. What is the highest common divisor of f and v?
1
Let b(y) = y**2 - 3*y + 2. Let o be b(2). Let p be (-4*5)/(-4) - o. Let s be 2 + -5*(-6 + p). What is the highest common factor of s and 21?
7
Let y(v) = -6 + 2 - 25*v - 21*v + 5*v. Let t be y(-2). Let x = t - 22. What is the highest common factor of x and 8?
8
Suppose -2*j + 2746 = 2*p, 3*j - 4*p - 2448 = 1636. Let t be 63 - ((-19 - 2889/(-153)) + 302/(-34)). What is the greatest common factor of t and j?
72
Suppose 2*r - 104 = -2*t, 79*t + 162 = 3*r + 80*t. Let s = -38 - -181. What is the greatest common divisor of r and s?
11
Let m be -8 - (-13299)/91 - (135/(-35) + 4). What is the greatest common divisor of m and 114?
6
Let r be (-4 - (-2 - -2))/(1143/(-126) + 9). Calculate the highest common divisor of 476 and r.
28
Suppose 0 = f - 6*f + 25. Suppose 2588 = 4*s + 6*u, 0 = -2100*u + 2095*u + 40. Calculate the highest common divisor of f and s.
5
Suppose -177 = 5*a + 68. Let y be a/(-4) + (-45)/(-60). What is the highest common factor of 39 and y?
13
Let h(i) = -35*i - 8 + 72*i + 61*i. Let k be h(10). Suppose p + k = 5*p. What is the highest common divisor of p and 27?
27
Suppose 4*o + 4 + 8 = -2*p, -17 = 4*p + o. Let i be -4*p/(-32)*-40. Calculate the highest common factor of i and 100.
20
Let n be 18/(-22)*(-26 + 15). Let k(u) = 4*u + 6. Let y(g) = 7*g + 13. Let d(v) = -5*k(v) + 3*y(v). Let i be d(9). What is the highest common factor of i and n?
9
Suppose -4*i + 407*s - 403*s + 1184 = 0, i - 4*s - 272 = 0. Calculate the highest common factor of i and 6422.
38
Suppose 56 = n - 2*w - 136, -5*n = 2*w - 1020. Calculate the highest common factor of 14342 and n.
202
Let u(i) = -i**3 - 17*i**2 + 20*i + 25. Let q be u(-19). Let l = -178 + q. Calculate the greatest common divisor of l and 42.
21
Suppose 0 = b + p - 10804, 4*p + 43248 = 3750*b - 3746*b. Calculate the greatest common factor of b and 56.
56
Let g = 8 + 108. Let k = -53 + g. Suppose 19*h = 16*h + 21. Calculate the highest common factor of k and h.
7
Let r = 1463 + -1387. Calculate the highest common divisor of r and 798.
38
Suppose -331*f + 1274 = -305*f. What is the highest common divisor of f and 49?
49
Suppose 4*j - 7*j = -999. What is the highest common divisor of 36 and j?
9
Let o(u) = -2 - 1 - 2197*u + 1 + 2189*u. Let t be o(-1). What is the greatest common divisor of 12 and t?
6
Suppose 11*g = 58632 - 22596. Let j be ((-1)/(-4))/(21/g). What is the greatest common divisor of j and 208?
13
Let c be ((-10)/6 - 1)/(197/(-3546)). Let w be 1/((-129)/(-63) + -2). Let s be (-2)/7 - (-1350)/w. Calculate the highest common divisor of c and s.
16
Suppose 0 = 5*w + 2*n + 659, 0*w + 534 = -4*w - 5*n. Let p(d) = -844*d - 2291. Let k be p(-3). Let c = k + w. What is the highest common factor of c and 10?
10
Suppose q - 22 = -3. Suppose 140 = 14*a - 13*a. Let z = a + 12. Calculate the greatest common factor of q and z.
19
Suppose -18*n - 374 = -22*n + 2*g, 3*g = n - 86. Suppose 4*m + 2*b = 214, -b - n - 128 = -4*m. What is the greatest common factor of 1155 and m?
55
Let q be (-351)/(-2)*(-4)/(-6). Let h = -5 + 10. Let g be (-1)/(4 - 9) + 64/h. Calculate the greatest common factor of q and g.
13
Suppose 2302 + 2175 = -2*k + 4645. Suppose 0 = 2*o + 6, -4*z + 2*o + 150 = -2*z. Calculate the greatest common divisor of z and k.
12
Let v be 233 + (1 - 4/(-4)). Let u = 802 - v. Calculate the greatest common factor of u and 7.
7
Suppose 0 = 6*m - 154 + 922. Let h = m - -129. Suppose 3*t + 4*v + 3 + 10 = 0, 5*t + v = 1. Calculate the highest common divisor of h and t.
1
Let g be 2*2 - 252/(-21). Suppose 2*l - g = -k - 3, 0 = 3*l + 2*k - 17. Let y be (-30)/(-2) - (2 + 1). What is the highest common factor of l and y?
3
Let l(u) = u**3 + 5*u**2 + u - 1. Let p be l(-4). Let n(f) = 77*f - 26*f - 20*f + 61 - 29*f. Let k be n(-14). What is the highest common factor of p and k?
11
Suppose -3*l + 2*z + 13 = -6, -2*z = 10. Let a(s) = l - 7 - 27 - 14*s. Let p be a(-9). What is the greatest common factor of p and 19?
19
Suppose 105*p - 11285 = 44*p. What is the greatest common divisor of p and 1517?
37
Let l(c) be the first derivative of -11*c**2/2 - 136*c - 17. Let q be l(-21). Calculate the highest common factor of 15 and q.
5
Let f(m) = m**2 - 4*m - 3 + 8*m - 2 + 6. Let p be f(-4). Suppose 5*n - 19 = p. Calculate the greatest common factor of 8 and n.
4
Suppose -40 = 3*n + 2*f, 2*f - 3 = 5. Let x(b) = 2*b**3 + 33*b**2 + 16*b + 1. Let q be x(n). What is the highest common divisor of 31 and q?
1
Suppose 11*p + 3396 = 13*p + 2*n, 0 = -2*p + 3*n + 3431. What is the greatest common factor of 385 and p?
55
Suppose 2118*j = 2306*j - 3008. Let t(a) = -3*a**3 - 3*a**2 + 1. Let v be t(-2). Let k = -9 + v. What is the greatest common divisor of k and j?
4
Let j be (1195/(-20))/(5/(-20)). Let f = j + -226. Calculate the greatest common factor of f and 325.
13
Let m be 15/5*11/(-3). Let l = m + 11. Suppose l = 5*i - 25, 5*u + 7*i = 2*i + 75. Calculate the highest common factor of 100 and u.
10
Suppose 4*i - 8 - 8 = 0, 8*y - 3*i - 252 = 0. What is the greatest common divisor of y and 51711?
33
Let s be (19 + (-25)/(-5))/((-2)/(-1)). Let z be (s/(-9))/((-1)/21). Suppose z*a - 30 = 22*a. What is the highest common divisor of 20 and a?
5
Suppose 0*a - a + o - 2 = 0, 3*a = 4*o - 10. Let v be (a + 6)*11/22. Calculate the highest common divisor of 8 and v.
4
Let n = 4 + 5. Let t be (-1)/(6/n)*-14. Calculate the greatest common divisor of t and 336.
21
Let v = 55 - 125. Let h = -46 - v. Let s be 16/56 - ((-1846)/7)/1. Calculate the greatest common factor of h and s.
24
Suppose -p = -4*y - y + 890, 0 = 4*y + 4*p - 736. Calculate the highest common factor of y and 22196.
179
Suppose 4*u = -101 + 37. Let y be (u - 2)*1/(-1). Suppose 29 = -43*i + 2351. Calculate the highest common factor of y and i.
18
Let l be ((-2)/26)/(767/(-129623)). Let n(u) = -51*u**3 + 1. Let q be n(-1). What is the highest common divisor of l and q?
13
Let p(o) = 40*o - 28. Let r be p(1). Suppose r*j + 408 = 29*j. What is the highest common factor of j and 48?
24
Suppose -2*l - 796 = 2*l. Let u = -185 - l. Calculate the greatest common factor of u and 98.
14
Let n be (-366)/(-1098) - (-3826)/6*7. What is the greatest common factor of n and 93?
93
Let b be 135/(-10)*(6 + 2). Let t = b - -110. What is the highest common factor of 4 and t?
2
Suppose -3*z = 3*v - 232 - 533, v = -5*z + 1279. What is the greatest common factor of 24 and z?
8
Let y = -8354 + 9170. Calculate the greatest common f